{"id":14,"date":"2019-08-15T15:41:46","date_gmt":"2019-08-15T18:41:46","guid":{"rendered":"http:\/\/businesstech.net.br\/btf\/?page_id=14"},"modified":"2020-07-09T15:47:06","modified_gmt":"2020-07-09T18:47:06","slug":"educacao","status":"publish","type":"page","link":"https:\/\/businesstech.net.br\/btf\/educacao\/","title":{"rendered":"EDUCA\u00c7\u00c3O"},"content":{"rendered":"<p><span style=\"font-size: 18pt;\"><b>Aqui, selecionamos artigos, pesquisas e an\u00e1lises de especialistas sobre como as novas tecnologias devem ser usadas pelas institui\u00e7\u00f5es de ensino.<\/b><\/span><\/p>\n<p><a href=\"https:\/\/www.businesstech.net.br\/site\/como-levar-o-conceito-steam-para-as-salas-de-aula\/\"><strong><span style=\"font-size: 14pt;\"><img fetchpriority=\"high\" decoding=\"async\" class=\"alignright wp-image-204 size-medium\" src=\"https:\/\/businesstech.net.br\/btf\/wp-content\/uploads\/2019\/08\/library-300x262.jpg\" alt=\"\" width=\"300\" height=\"262\" srcset=\"https:\/\/businesstech.net.br\/btf\/wp-content\/uploads\/2019\/08\/library-300x262.jpg 300w, https:\/\/businesstech.net.br\/btf\/wp-content\/uploads\/2019\/08\/library.jpg 570w\" sizes=\"(max-width: 300px) 100vw, 300px\" \/><\/span><\/strong><\/a><\/p>\n<p><strong><span style=\"color: #003366;\"><a style=\"color: #003366;\" title=\"UNIVERSIDADES: COMO USAR AN\u00c1LISE DE DADOS NO SUPORTE ACAD\u00caMICO\" href=\"https:\/\/www.businesstech.net.br\/site\/2019\/06\/universidades-como-usar-analise-de-dados-no-suporte-academico\/\" target=\"_blank\" rel=\"bookmark noopener noreferrer\" data-saferedirecturl=\"https:\/\/www.google.com\/url?q=https:\/\/www.businesstech.net.br\/site\/2019\/06\/universidades-como-usar-analise-de-dados-no-suporte-academico\/&amp;source=gmail&amp;ust=1593613464448000&amp;usg=AFQjCNEDIRtYWBZ7MwpGHnm45KW-zU7Nkw\">Universidades: Como usar an\u00e1lise de dados no suporte acad\u00eamico<\/a><\/span><br \/>\n<\/strong><\/p>\n<p><strong><a title=\"EDUCA\u00c7\u00c3O NA CRISE E A TRANSI\u00c7\u00c3O PARA PEQUENOS ESPA\u00c7OS\" href=\"https:\/\/www.businesstech.net.br\/site\/2020\/06\/educacao-na-crise-e-a-transicao-para-pequenos-espacos\/\" target=\"_blank\" rel=\"bookmark noopener noreferrer\" data-saferedirecturl=\"https:\/\/www.google.com\/url?q=https:\/\/www.businesstech.net.br\/site\/2020\/06\/educacao-na-crise-e-a-transicao-para-pequenos-espacos\/&amp;source=gmail&amp;ust=1593613464448000&amp;usg=AFQjCNEFiKtMASOKwEEAY6wPg-04jCvDww\">Educa\u00e7\u00e3o na crise e a transi\u00e7\u00e3o para pequenos espa\u00e7os<\/a><\/strong><\/p>\n<p><span style=\"color: #003366;\"><strong><a style=\"color: #003366;\" href=\"https:\/\/www.businesstech.net.br\/site\/2019\/07\/av0ip-uma-revolucao-silenciosa-na-educacao\/\" target=\"_blank\" rel=\"bookmark noopener noreferrer\" data-saferedirecturl=\"https:\/\/www.google.com\/url?q=https:\/\/www.businesstech.net.br\/site\/2019\/07\/av0ip-uma-revolucao-silenciosa-na-educacao\/&amp;source=gmail&amp;ust=1593613464448000&amp;usg=AFQjCNEfkORJAMplgUypU49Ibk5c4squ0A\">AVOIP: uma revolu\u00e7\u00e3o silenciosa na educa\u00e7\u00e3o<\/a><\/strong><\/span><\/p>\n<p><strong><a title=\"8 PASSOS PARA TORNAR MAIS ATRAENTES AS AULAS ONLINE\" href=\"https:\/\/www.businesstech.net.br\/site\/2020\/05\/8-passos-para-tornar-mais-atraentes-as-aulas-online\/\" target=\"_blank\" rel=\"bookmark noopener noreferrer\" data-saferedirecturl=\"https:\/\/www.google.com\/url?q=https:\/\/www.businesstech.net.br\/site\/2020\/05\/8-passos-para-tornar-mais-atraentes-as-aulas-online\/&amp;source=gmail&amp;ust=1593613464448000&amp;usg=AFQjCNGfTTKMBGGZU-67G5hlktKeJOVw1w\">8 passos mais para tornair mais atraentes as aulas online<\/a><\/strong><\/p>\n<p><span style=\"color: #003366;\"><strong><a style=\"color: #003366;\" title=\"OS CUSTOS DO ENSINO ONLINE: UMA AN\u00c1LISE DO MODELO AMERICANO\" href=\"https:\/\/www.businesstech.net.br\/site\/2019\/09\/os-custos-do-ensino-online-uma-analise-do-modelo-americano\/\" target=\"_blank\" rel=\"bookmark noopener noreferrer\" data-saferedirecturl=\"https:\/\/www.google.com\/url?q=https:\/\/www.businesstech.net.br\/site\/2019\/09\/os-custos-do-ensino-online-uma-analise-do-modelo-americano\/&amp;source=gmail&amp;ust=1593613464448000&amp;usg=AFQjCNFVWY9UFRzAp8vK5xn1bv_c9No3kg\">Os custos do ensino online: uma an\u00e1lise do modelo americano<\/a><\/strong><\/span><\/p>\n<p><strong><a title=\"IMPLANTANDO NA ESCOLA O CONCEITO DE DESIGN THINKING\" href=\"https:\/\/www.businesstech.net.br\/site\/2020\/05\/implantando-na-escola-o-conceito-de-design-thinking\/\" target=\"_blank\" rel=\"bookmark noopener noreferrer\" data-saferedirecturl=\"https:\/\/www.google.com\/url?q=https:\/\/www.businesstech.net.br\/site\/2020\/05\/implantando-na-escola-o-conceito-de-design-thinking\/&amp;source=gmail&amp;ust=1593613464448000&amp;usg=AFQjCNEX3DASB9gh7nkeZZSAmXcNvZkNxg\">Implantando na escola o conceito de design thinking<\/a><\/strong><\/p>\n<p><span style=\"color: #003366;\"><strong><a style=\"color: #003366;\" title=\"COMO ESCOLAS E UNIVERSIDADES DEVEM SE PREPARAR PARA A LGPD?\" href=\"https:\/\/www.businesstech.net.br\/site\/2020\/04\/como-escolas-e-universidades-devem-se-preparar-para-a-lgpd\/\" target=\"_blank\" rel=\"bookmark noopener noreferrer\" data-saferedirecturl=\"https:\/\/www.google.com\/url?q=https:\/\/www.businesstech.net.br\/site\/2020\/04\/como-escolas-e-universidades-devem-se-preparar-para-a-lgpd\/&amp;source=gmail&amp;ust=1593613464448000&amp;usg=AFQjCNHh6SQn6AQcWT73NPARDVRp1zursQ\">Como escolas e universidades devem se preparar para a LGPD?<\/a><\/strong><\/span><\/p>\n<p><strong><a title=\"\u00c1UDIO, V\u00cdDEO E INTELIG\u00caNCIA ARTIFICIAL NO ENSINO SUPERIOR\" href=\"https:\/\/www.businesstech.net.br\/site\/2020\/04\/audio-video-e-inteligencia-artificial-no-ensino-superior\/\" target=\"_blank\" rel=\"bookmark noopener noreferrer\" data-saferedirecturl=\"https:\/\/www.google.com\/url?q=https:\/\/www.businesstech.net.br\/site\/2020\/04\/audio-video-e-inteligencia-artificial-no-ensino-superior\/&amp;source=gmail&amp;ust=1593613464448000&amp;usg=AFQjCNE26roIU-vdHC2PnoMeh38MelHyvQ\">\u00c1udio, v\u00eddeo e intelig\u00eancia artificial no ensino superior<\/a><\/strong><\/p>\n<p><span style=\"color: #003366;\"><strong><a style=\"color: #003366;\" title=\"\u00c1UDIO NA SALA DE AULA: O DESAFIO DE FALAR E OUVIR COM CLAREZA\" href=\"https:\/\/www.businesstech.net.br\/site\/2020\/02\/audio-na-sala-de-aula-o-desafio-de-falar-e-ouvir-com-clareza\/\" target=\"_blank\" rel=\"bookmark noopener noreferrer\" data-saferedirecturl=\"https:\/\/www.google.com\/url?q=https:\/\/www.businesstech.net.br\/site\/2020\/02\/audio-na-sala-de-aula-o-desafio-de-falar-e-ouvir-com-clareza\/&amp;source=gmail&amp;ust=1593613464449000&amp;usg=AFQjCNFxnD7vTR6s05gRspUR94fUH2DpUg\">\u00c1udio na sala de aula: o desafio de falar e ouvir com clareza<\/a><\/strong><\/span><\/p>\n<p><strong><a title=\"DATA ANALYTICS: LI\u00c7\u00d5ES DAS UNIVERSIDADES AMERICANAS\" href=\"https:\/\/www.businesstech.net.br\/site\/2019\/10\/data-analytics-licoes-das-universidades-americanas\/\" target=\"_blank\" rel=\"bookmark noopener noreferrer\" data-saferedirecturl=\"https:\/\/www.google.com\/url?q=https:\/\/www.businesstech.net.br\/site\/2019\/10\/data-analytics-licoes-das-universidades-americanas\/&amp;source=gmail&amp;ust=1593613464449000&amp;usg=AFQjCNEsuUo1C-jyPeU4p_jSIsNX4mvtrA\">Data Analytics: li\u00e7\u00f5es das universidades americanas<\/a><\/strong><\/p>\n<p><a title=\"5 TEND\u00caNCIAS EMERGENTES EM TECNOLOGIA PARA ENSINO SUPERIOR\" href=\"https:\/\/www.businesstech.net.br\/site\/2019\/04\/5-tendencias-emergentes-em-tecnologia-para-ensino-superior\/\" target=\"_blank\" rel=\"bookmark noopener noreferrer\" data-saferedirecturl=\"https:\/\/www.google.com\/url?q=https:\/\/www.businesstech.net.br\/site\/2019\/04\/5-tendencias-emergentes-em-tecnologia-para-ensino-superior\/&amp;source=gmail&amp;ust=1593613464449000&amp;usg=AFQjCNEKiVFQpC0hIPJsC2Zel5bvmdIvfw\"><strong><span style=\"color: #003366;\">5 Tend\u00eancias emergentes em tecnologia para ensino superior<\/span><\/strong><\/a><\/p>\n<p><a href=\"https:\/\/www.businesstech.net.br\/site\/como-levar-o-conceito-steam-para-as-salas-de-aula\/\"><strong>Como levar o conceito Steam para as salas de aula<\/strong><\/a><\/p>\n<p><span style=\"font-size: 14pt; color: #003366;\"><strong><a style=\"color: #003366;\" href=\"https:\/\/www.businesstech.net.br\/site\/tecnologias-na-educacao-e-o-retorno-sobre-os-investimentos\/\">Tecnologia na educa\u00e7\u00e3o e o retorno sobre os investimentos<\/a><\/strong><\/span><\/p>\n<p><span style=\"font-size: 14pt;\"><strong><a href=\"https:\/\/www.businesstech.net.br\/site\/como-os-games-serios-podem-ser-uteis-na-educacao\/\">Como os games \u201cs\u00e9rios\u201d podem ser \u00fateis na educa\u00e7\u00e3o<\/a><\/strong><\/span><\/p>\n<p><span style=\"font-size: 14pt; color: #003366;\"><strong><a style=\"color: #003366;\" href=\"https:\/\/www.businesstech.net.br\/site\/2019\/04\/5-tendencias-emergentes-em-tecnologia-para-ensino-superior\/\" target=\"_blank\" rel=\"noopener noreferrer\" data-saferedirecturl=\"https:\/\/www.google.com\/url?q=https:\/\/www.businesstech.net.br\/site\/2019\/04\/5-tendencias-emergentes-em-tecnologia-para-ensino-superior\/&amp;source=gmail&amp;ust=1554843291677000&amp;usg=AFQjCNE6e5S2glIaaYeh5Mi9EFukIxBzZQ\">Realidade Virtual e outras tend\u00eancias no ensino superior<\/a><\/strong><\/span><\/p>\n<p><span style=\"font-size: 14pt;\"><strong><a href=\"https:\/\/www.businesstech.net.br\/site\/2019\/02\/inteligencia-artificial-cria-modelo-netflix-na-educacao\/\" target=\"_blank\" rel=\"noopener noreferrer\" data-saferedirecturl=\"https:\/\/www.google.com\/url?q=https:\/\/www.businesstech.net.br\/site\/2019\/02\/inteligencia-artificial-cria-modelo-netflix-na-educacao\/&amp;source=gmail&amp;ust=1554843291677000&amp;usg=AFQjCNGGH9sQ12jLIYAHy691uDzR883UXQ\">Como o \u201cmodelo Netflix\u201d pode ser replicado nas escolas<\/a><\/strong><\/span><\/p>\n<p><span style=\"font-size: 14pt; color: #003366;\"><strong><a style=\"color: #003366;\" href=\"https:\/\/www.businesstech.net.br\/site\/2019\/01\/sala-de-aula-virtual-quais-as-vantagens-sobre-a-sala-fisica\/\" target=\"_blank\" rel=\"noopener noreferrer\" data-saferedirecturl=\"https:\/\/www.google.com\/url?q=https:\/\/www.businesstech.net.br\/site\/2019\/01\/sala-de-aula-virtual-quais-as-vantagens-sobre-a-sala-fisica\/&amp;source=gmail&amp;ust=1554843291677000&amp;usg=AFQjCNHt0ESMdj_oDcHj-DDja3DWoIq33Q\">Sala de aula virtual e suas vantagens sobre as salas tradicionais<\/a><\/strong><\/span><\/p>\n<p><span style=\"font-size: 14pt;\"><strong><a href=\"https:\/\/www.businesstech.net.br\/site\/2019\/01\/nao-tenha-medo-da-inteligencia-artificial-ela-chegou-para-ficar\/\" target=\"_blank\" rel=\"noopener noreferrer\" data-saferedirecturl=\"https:\/\/www.google.com\/url?q=https:\/\/www.businesstech.net.br\/site\/2019\/01\/nao-tenha-medo-da-inteligencia-artificial-ela-chegou-para-ficar\/&amp;source=gmail&amp;ust=1554843291677000&amp;usg=AFQjCNHxUaeuZZ2o5d-hwW1PIQyScLRq4g\">N\u00e3o tenha medo da Intelig\u00eancia Artificial; ela chegou para ficar<\/a><\/strong><\/span><\/p>\n<p><span style=\"font-size: 14pt; color: #003366;\"><strong><a style=\"color: #003366;\" href=\"https:\/\/www.businesstech.net.br\/site\/2018\/09\/pesquisa-mostra-transformacoes-no-ambiente-de-trabalho\/\" target=\"_blank\" rel=\"noopener noreferrer\" data-saferedirecturl=\"https:\/\/www.google.com\/url?q=https:\/\/www.businesstech.net.br\/site\/2018\/09\/pesquisa-mostra-transformacoes-no-ambiente-de-trabalho\/&amp;source=gmail&amp;ust=1554843291677000&amp;usg=AFQjCNF_N3wNNsqcZFJEWkSjFVpHmsvqRg\">Novas transforma\u00e7\u00f5es no ambiente de trabalho: uma pesquisa mundial<\/a><\/strong><\/span><\/p>\n<p><span style=\"font-size: 14pt;\"><strong><a href=\"http:\/\/www.santodigital.com.br\/big-data-na-educacao-conheca-5-vantagens\/\" target=\"_blank\" rel=\"noopener noreferrer\" data-saferedirecturl=\"https:\/\/www.google.com\/url?q=http:\/\/www.santodigital.com.br\/big-data-na-educacao-conheca-5-vantagens\/&amp;source=gmail&amp;ust=1554843291677000&amp;usg=AFQjCNEY6gV1WBIbsnr3sX6qYRFY5x4G9w\">Vantagens do uso de Big Data em escolas e universidades<\/a><\/strong><\/span><\/p>\n<p><span style=\"font-size: 14pt; color: #003366;\"><strong><a style=\"color: #003366;\" href=\"https:\/\/blogbrasil.comstor.com\/qual-o-papel-da-iot-na-educacao\" target=\"_blank\" rel=\"noopener noreferrer\" data-saferedirecturl=\"https:\/\/www.google.com\/url?q=https:\/\/blogbrasil.comstor.com\/qual-o-papel-da-iot-na-educacao&amp;source=gmail&amp;ust=1554843291677000&amp;usg=AFQjCNHoO0Oj2QEJFrKgREhUQmVX4-dbmg\">Internet das Coisas permite gest\u00e3o mais eficiente da escola<\/a><\/strong><\/span><\/p>\n<p><span style=\"font-size: 14pt;\"><strong><a href=\"https:\/\/orlandobarrozo.blog.br\/2017\/06\/10\/educacao-igualdade-e-oportunidade\/\" target=\"_blank\" rel=\"noopener noreferrer\" data-saferedirecturl=\"https:\/\/www.google.com\/url?q=https:\/\/orlandobarrozo.blog.br\/2017\/06\/10\/educacao-igualdade-e-oportunidade\/&amp;source=gmail&amp;ust=1554843291677000&amp;usg=AFQjCNFqO_6ySCTPZU-ftQmGPqiA-4Ll3A\">Dois professores falam em Educa\u00e7\u00e3o, Igualdade e Oportunidade<\/a><\/strong><\/span><\/p>\n<p>&nbsp;<\/p>\n","protected":false},"excerpt":{"rendered":"<p>Aqui, selecionamos artigos, pesquisas e an\u00e1lises de especialistas sobre como as novas tecnologias devem ser usadas pelas institui\u00e7\u00f5es de ensino. Universidades: Como usar an\u00e1lise de dados no suporte acad\u00eamico Educa\u00e7\u00e3o na crise e a transi\u00e7\u00e3o para pequenos espa\u00e7os AVOIP: uma revolu\u00e7\u00e3o silenciosa na educa\u00e7\u00e3o 8 passos mais para tornair mais&hellip;<\/p>\n","protected":false},"author":1,"featured_media":0,"parent":0,"menu_order":0,"comment_status":"closed","ping_status":"closed","template":"fullwidth-template.php","meta":{"footnotes":""},"class_list":["post-14","page","type-page","status-publish","hentry"],"_links":{"self":[{"href":"https:\/\/businesstech.net.br\/btf\/wp-json\/wp\/v2\/pages\/14","targetHints":{"allow":["GET"]}}],"collection":[{"href":"https:\/\/businesstech.net.br\/btf\/wp-json\/wp\/v2\/pages"}],"about":[{"href":"https:\/\/businesstech.net.br\/btf\/wp-json\/wp\/v2\/types\/page"}],"author":[{"embeddable":true,"href":"https:\/\/businesstech.net.br\/btf\/wp-json\/wp\/v2\/users\/1"}],"replies":[{"embeddable":true,"href":"https:\/\/businesstech.net.br\/btf\/wp-json\/wp\/v2\/comments?post=14"}],"version-history":[{"count":37,"href":"https:\/\/businesstech.net.br\/btf\/wp-json\/wp\/v2\/pages\/14\/revisions"}],"predecessor-version":[{"id":579,"href":"https:\/\/businesstech.net.br\/btf\/wp-json\/wp\/v2\/pages\/14\/revisions\/579"}],"wp:attachment":[{"href":"https:\/\/businesstech.net.br\/btf\/wp-json\/wp\/v2\/media?parent=14"}],"curies":[{"name":"wp","href":"https:\/\/api.w.org\/{rel}","templated":true}]}}