{"id":34,"date":"2019-08-15T17:26:37","date_gmt":"2019-08-15T20:26:37","guid":{"rendered":"http:\/\/businesstech.net.br\/btf\/?page_id=34"},"modified":"2019-10-21T10:49:39","modified_gmt":"2019-10-21T13:49:39","slug":"home","status":"publish","type":"page","link":"https:\/\/businesstech.net.br\/btf\/","title":{"rendered":"HOME"},"content":{"rendered":"\t\t<div data-elementor-type=\"wp-post\" data-elementor-id=\"34\" class=\"elementor elementor-34\">\n\t\t\t\t\t\t<section class=\"elementor-section elementor-top-section elementor-element elementor-element-68d452ee elementor-section-content-middle elementor-section-full_width elementor-section-height-default elementor-section-height-default\" data-id=\"68d452ee\" data-element_type=\"section\" data-e-type=\"section\" data-settings=\"{&quot;background_background&quot;:&quot;gradient&quot;}\">\n\t\t\t\t\t\t<div class=\"elementor-container elementor-column-gap-default\">\n\t\t\t\t\t<div class=\"elementor-column elementor-col-50 elementor-top-column elementor-element elementor-element-5a7ce36\" data-id=\"5a7ce36\" data-element_type=\"column\" data-e-type=\"column\">\n\t\t\t<div class=\"elementor-widget-wrap elementor-element-populated\">\n\t\t\t\t\t\t<div class=\"elementor-element elementor-element-615a9170 elementor-widget elementor-widget-heading\" data-id=\"615a9170\" data-element_type=\"widget\" data-e-type=\"widget\" data-widget_type=\"heading.default\">\n\t\t\t\t<div class=\"elementor-widget-container\">\n\t\t\t\t\t<h2 class=\"elementor-heading-title elementor-size-default\">TECNOLOGIA NA<br>VIDA REAL<\/h2>\t\t\t\t<\/div>\n\t\t\t\t<\/div>\n\t\t\t\t<div class=\"elementor-element elementor-element-1da6e941 elementor-widget__width-auto elementor-invisible elementor-widget elementor-widget-text-editor\" data-id=\"1da6e941\" data-element_type=\"widget\" data-e-type=\"widget\" data-settings=\"{&quot;_animation&quot;:&quot;fadeInLeft&quot;}\" data-widget_type=\"text-editor.default\">\n\t\t\t\t<div class=\"elementor-widget-container\">\n\t\t\t\t\t\t\t\t\t<p>Comunicamos que, devido a conflitos de agenda com alguns palestrantes, a 2\u00aa edi\u00e7\u00e3o do BUSINESS TECH FORUM EDUCA\u00c7\u00c3O, que seria realizada no pr\u00f3ximo dia 28\/10, foi cancelada.<\/p><p>Estamos trabalhando para programar uma nova data, no in\u00edcio de 2020, e comunicaremos a todos assim que for confirmada.<\/p><p>Agradecemos o interesse de todos e o apoio de nossos patrocinadores.<\/p><p>Atenciosamente,<\/p><p>Event Editora.<\/p>\t\t\t\t\t\t\t\t<\/div>\n\t\t\t\t<\/div>\n\t\t\t\t<div class=\"elementor-element elementor-element-1dcbe04c elementor-align-left elementor-button-success animated-slow elementor-invisible elementor-widget elementor-widget-button\" data-id=\"1dcbe04c\" data-element_type=\"widget\" data-e-type=\"widget\" data-settings=\"{&quot;_animation&quot;:&quot;zoomInUp&quot;}\" data-widget_type=\"button.default\">\n\t\t\t\t<div class=\"elementor-widget-container\">\n\t\t\t\t\t\t\t\t\t<div class=\"elementor-button-wrapper\">\n\t\t\t\t\t<a class=\"elementor-button elementor-button-link elementor-size-lg\" href=\"https:\/\/businesstech.net.br\/btf\/tecnologia\/\">\n\t\t\t\t\t\t<span class=\"elementor-button-content-wrapper\">\n\t\t\t\t\t\t<span class=\"elementor-button-icon\">\n\t\t\t\t\t\t\t<\/span>\n\t\t\t\t\t\t\t\t\t<span class=\"elementor-button-text\">VEJA COMO SER\u00c1 A 2\u00aa EDI\u00c7\u00c3O<\/span>\n\t\t\t\t\t<\/span>\n\t\t\t\t\t<\/a>\n\t\t\t\t<\/div>\n\t\t\t\t\t\t\t\t<\/div>\n\t\t\t\t<\/div>\n\t\t\t\t\t<\/div>\n\t\t<\/div>\n\t\t\t\t<div class=\"elementor-column elementor-col-50 elementor-top-column elementor-element elementor-element-516fba56\" data-id=\"516fba56\" data-element_type=\"column\" data-e-type=\"column\">\n\t\t\t<div class=\"elementor-widget-wrap elementor-element-populated\">\n\t\t\t\t\t\t<div class=\"elementor-element elementor-element-1aeb9d17 elementor-invisible elementor-widget elementor-widget-image\" data-id=\"1aeb9d17\" data-element_type=\"widget\" data-e-type=\"widget\" data-settings=\"{&quot;_animation&quot;:&quot;rubberBand&quot;}\" data-widget_type=\"image.default\">\n\t\t\t\t<div class=\"elementor-widget-container\">\n\t\t\t\t\t\t\t\t\t\t\t\t\t\t\t\t<a href=\"https:\/\/businesstech.net.br\/btf\/tecnologia\/\">\n\t\t\t\t\t\t\t<img fetchpriority=\"high\" decoding=\"async\" width=\"640\" height=\"853\" src=\"https:\/\/businesstech.net.br\/btf\/wp-content\/uploads\/2019\/08\/btf_3-768x1024.jpg\" class=\"elementor-animation-bounce-in attachment-medium_large size-medium_large wp-image-218\" alt=\"\" srcset=\"https:\/\/businesstech.net.br\/btf\/wp-content\/uploads\/2019\/08\/btf_3-768x1024.jpg 768w, https:\/\/businesstech.net.br\/btf\/wp-content\/uploads\/2019\/08\/btf_3-225x300.jpg 225w, https:\/\/businesstech.net.br\/btf\/wp-content\/uploads\/2019\/08\/btf_3.jpg 1200w\" sizes=\"(max-width: 640px) 100vw, 640px\" \/>\t\t\t\t\t\t\t\t<\/a>\n\t\t\t\t\t\t\t\t\t\t\t\t\t\t\t<\/div>\n\t\t\t\t<\/div>\n\t\t\t\t\t<\/div>\n\t\t<\/div>\n\t\t\t\t\t<\/div>\n\t\t<\/section>\n\t\t\t\t<section class=\"elementor-section elementor-top-section elementor-element elementor-element-93cd3f6 elementor-section-boxed elementor-section-height-default elementor-section-height-default\" data-id=\"93cd3f6\" data-element_type=\"section\" data-e-type=\"section\" data-settings=\"{&quot;background_background&quot;:&quot;classic&quot;}\">\n\t\t\t\t\t\t<div class=\"elementor-container elementor-column-gap-default\">\n\t\t\t\t\t<div class=\"elementor-column elementor-col-50 elementor-top-column elementor-element elementor-element-8969886 elementor-invisible\" data-id=\"8969886\" data-element_type=\"column\" data-e-type=\"column\" data-settings=\"{&quot;background_background&quot;:&quot;classic&quot;,&quot;animation&quot;:&quot;fadeInUp&quot;}\">\n\t\t\t<div class=\"elementor-widget-wrap elementor-element-populated\">\n\t\t\t\t\t\t<div class=\"elementor-element elementor-element-257842d elementor-align-center elementor-invisible elementor-widget elementor-widget-button\" data-id=\"257842d\" data-element_type=\"widget\" data-e-type=\"widget\" data-settings=\"{&quot;_animation&quot;:&quot;lightSpeedIn&quot;}\" data-widget_type=\"button.default\">\n\t\t\t\t<div class=\"elementor-widget-container\">\n\t\t\t\t\t\t\t\t\t<div class=\"elementor-button-wrapper\">\n\t\t\t\t\t<a class=\"elementor-button elementor-button-link elementor-size-sm\" href=\"https:\/\/businesstech.net.br\/btf\/contato\/\">\n\t\t\t\t\t\t<span class=\"elementor-button-content-wrapper\">\n\t\t\t\t\t\t\t\t\t<span class=\"elementor-button-text\">CLIQUE AQUI PARA RECEBER NOSSAS ATUALIZA\u00c7\u00d5ES<\/span>\n\t\t\t\t\t<\/span>\n\t\t\t\t\t<\/a>\n\t\t\t\t<\/div>\n\t\t\t\t\t\t\t\t<\/div>\n\t\t\t\t<\/div>\n\t\t\t\t\t<\/div>\n\t\t<\/div>\n\t\t\t\t<div class=\"elementor-column elementor-col-50 elementor-top-column elementor-element elementor-element-f2bb7db\" data-id=\"f2bb7db\" data-element_type=\"column\" data-e-type=\"column\">\n\t\t\t<div class=\"elementor-widget-wrap\">\n\t\t\t\t\t\t\t<\/div>\n\t\t<\/div>\n\t\t\t\t\t<\/div>\n\t\t<\/section>\n\t\t\t\t<section class=\"elementor-section elementor-top-section elementor-element elementor-element-94bffd0 elementor-section-boxed elementor-section-height-default elementor-section-height-default\" data-id=\"94bffd0\" data-element_type=\"section\" data-e-type=\"section\">\n\t\t\t\t\t\t<div class=\"elementor-container elementor-column-gap-default\">\n\t\t\t\t\t<div class=\"elementor-column elementor-col-100 elementor-top-column elementor-element elementor-element-081d198\" data-id=\"081d198\" data-element_type=\"column\" data-e-type=\"column\">\n\t\t\t<div class=\"elementor-widget-wrap elementor-element-populated\">\n\t\t\t\t\t\t<div class=\"elementor-element elementor-element-e91e3ae elementor-widget elementor-widget-html\" data-id=\"e91e3ae\" data-element_type=\"widget\" data-e-type=\"widget\" data-widget_type=\"html.default\">\n\t\t\t\t<div class=\"elementor-widget-container\">\n\t\t\t\t\t<table width=\"500\" border=\"0\">\r\n  <tr>\r\n    <td width=\"245\"><strong>PATROC\u00cdNIO:<\/strong><\/td>\r\n    <td width=\"245\">&nbsp;<\/td>\r\n  <\/tr>\r\n  <tr>\r\n    <td>&nbsp;<\/td>\r\n    <td>&nbsp;<\/td>\r\n  <\/tr>\r\n  <tr>\r\n    <td><div align=\"center\"><a href=\"https:\/\/www.audiogene.com.br\"><img decoding=\"async\" src=\"https:\/\/businesstech.net.br\/btf\/wp-content\/uploads\/2019\/10\/audiogene_logo-1.png\" border=\"0\" \/><\/a><\/div><\/td>\r\n    <td><div align=\"center\"><a href=\"https:\/\/www.benq.com\/pt-br\/index.html\"><img decoding=\"async\" src=\"https:\/\/businesstech.net.br\/btf\/wp-content\/uploads\/2019\/10\/benq_logo.png\" border=\"0\"\/><\/a><\/div><\/td>\r\n  <\/tr>\r\n<\/table>\t\t\t\t<\/div>\n\t\t\t\t<\/div>\n\t\t\t\t\t<\/div>\n\t\t<\/div>\n\t\t\t\t\t<\/div>\n\t\t<\/section>\n\t\t\t\t<\/div>\n\t\t","protected":false},"excerpt":{"rendered":"<p>TECNOLOGIA NAVIDA REAL Comunicamos que, devido a conflitos de agenda com alguns palestrantes, a 2\u00aa edi\u00e7\u00e3o do BUSINESS TECH FORUM EDUCA\u00c7\u00c3O, que seria realizada no pr\u00f3ximo dia 28\/10, foi cancelada. Estamos trabalhando para programar uma nova data, no in\u00edcio de 2020, e comunicaremos a todos assim que for confirmada. Agradecemos&hellip;<\/p>\n","protected":false},"author":1,"featured_media":0,"parent":0,"menu_order":0,"comment_status":"closed","ping_status":"closed","template":"fullwidth-template.php","meta":{"footnotes":""},"class_list":["post-34","page","type-page","status-publish","hentry"],"_links":{"self":[{"href":"https:\/\/businesstech.net.br\/btf\/wp-json\/wp\/v2\/pages\/34","targetHints":{"allow":["GET"]}}],"collection":[{"href":"https:\/\/businesstech.net.br\/btf\/wp-json\/wp\/v2\/pages"}],"about":[{"href":"https:\/\/businesstech.net.br\/btf\/wp-json\/wp\/v2\/types\/page"}],"author":[{"embeddable":true,"href":"https:\/\/businesstech.net.br\/btf\/wp-json\/wp\/v2\/users\/1"}],"replies":[{"embeddable":true,"href":"https:\/\/businesstech.net.br\/btf\/wp-json\/wp\/v2\/comments?post=34"}],"version-history":[{"count":74,"href":"https:\/\/businesstech.net.br\/btf\/wp-json\/wp\/v2\/pages\/34\/revisions"}],"predecessor-version":[{"id":561,"href":"https:\/\/businesstech.net.br\/btf\/wp-json\/wp\/v2\/pages\/34\/revisions\/561"}],"wp:attachment":[{"href":"https:\/\/businesstech.net.br\/btf\/wp-json\/wp\/v2\/media?parent=34"}],"curies":[{"name":"wp","href":"https:\/\/api.w.org\/{rel}","templated":true}]}}